14133?
1
What is the tens digit of 15333?
3
What is the units digit of 5240?
0
What is the hundreds digit of 2087?
0
What is the thousands digit of 6178?
6
What is the ten thousands digit of 19847?
1
What is the hundred thousands digit of 144429?
1
What is the ten thousands digit of 46640?
4
What is the thousands digit of 45470?
5
What is the units digit of 1466?
6
What is the tens digit of 40520?
2
What is the tens digit of 30996?
9
What is the units digit of 909?
9
What is the tens digit of 1715?
1
What is the thousands digit of 9896?
9
What is the thousands digit of 4761?
4
What is the hundreds digit of 37663?
6
What is the units digit of 4973?
3
What is the units digit of 1635?
5
What is the hundreds digit of 8383?
3
What is the hundred thousands digit of 112652?
1
What is the thousands digit of 3303?
3
What is the units digit of 299?
9
What is the tens digit of 1692?
9
What is the hundreds digit of 1634?
6
What is the tens digit of 5415?
1
What is the hundreds digit of 26148?
1
What is the thousands digit of 1372?
1
What is the hundreds digit of 585?
5
What is the tens digit of 25901?
0
What is the units digit of 74129?
9
What is the ten thousands digit of 10299?
1
What is the hundreds digit of 1457?
4
What is the ten thousands digit of 51406?
5
What is the tens digit of 2394?
9
What is the units digit of 1751?
1
What is the hundreds digit of 11496?
4
What is the tens digit of 7667?
6
What is the thousands digit of 2663?
2
What is the tens digit of 6531?
3
What is the hundreds digit of 1615?
6
What is the hundreds digit of 47877?
8
What is the units digit of 5584?
4
What is the units digit of 1152?
2
What is the thousands digit of 4738?
4
What is the tens digit of 33792?
9
What is the tens digit of 3186?
8
What is the units digit of 26049?
9
What is the tens digit of 1107?
0
What is the hundreds digit of 10712?
7
What is the hundreds digit of 72151?
1
What is the hundreds digit of 1093?
0
What is the units digit of 562?
2
What is the units digit of 27335?
5
What is the hundred thousands digit of 168021?
1
What is the hundreds digit of 10587?
5
What is the thousands digit of 1149?
1
What is the hundreds digit of 6942?
9
What is the units digit of 1989?
9
What is the ten thousands digit of 74069?
7
What is the tens digit of 3757?
5
What is the tens digit of 475?
7
What is the hundreds digit of 13470?
4
What is the thousands digit of 1804?
1
What is the hundreds digit of 2084?
0
What is the thousands digit of 4450?
4
What is the hundreds digit of 16788?
7
What is the thousands digit of 2771?
2
What is the hundreds digit of 3091?
0
What is the units digit of 49137?
7
What is the ten thousands digit of 38365?
3
What is the thousands digit of 58136?
8
What is the tens digit of 1689?
8
What is the hundreds digit of 1243?
2
What is the hundreds digit of 12362?
3
What is the units digit of 17050?
0
What is the tens digit of 10218?
1
What is the hundreds digit of 978?
9
What is the ten thousands digit of 17010?
1
What is the tens digit of 344?
4
What is the thousands digit of 1094?
1
What is the tens digit of 43993?
9
What is the tens digit of 13066?
6
What is the units digit of 9616?
6
What is the units digit of 109273?
3
What is the tens digit of 45650?
5
What is the hundreds digit of 548?
5
What is the units digit of 5841?
1
What is the hundreds digit of 304?
3
What is the hundreds digit of 690?
6
What is the hundreds digit of 5602?
6
What is the hundreds digit of 43203?
2
What is the units digit of 18133?
3
What is the units digit of 3124?
4
What is the hundreds digit of 62102?
1
What is the ten thousands digit of 88688?
8
What is the tens digit of 3965?
6
What is the units digit of 88?
8
What is the thousands digit of 4728?
4
What is the ten thousands digit of 10551?
1
What is the ten thousands digit of 10157?
1
What is the tens digit of 24293?
9
What is the thousands digit of 2205?
2
What is the units digit of 81432?
2
What is the hundreds digit of 12566?
5
What is the ten thousands digit of 104680?
0
What is the units digit of 2288?
8
What is the hundreds digit of 30985?
9
What is the units digit of 26040?
0
What is the thousands digit of 57456?
7
What is the thousands digit of 18997?
8
What is the units digit of 10385?
5
What is the units digit of 2949?
9
What is the hundreds digit of 23664?
6
What is the tens digit of 648?
4
What is the hundreds digit of 600?
6
What is the tens digit of 5328?
2
What is the tens digit of 12170?
7
What is the hundreds digit of 24217?
2
What is the tens digit of 2172?
7
What is the tens digit of 73163?
6
What is the tens digit of 12468?
6
What is the ten thousands digit of 10811?
1
What is the ten thousands digit of 12758?
1
What is the thousands digit of 1544?
1
What is the ten thousands digit of 52563?
5
What is the hundreds digit of 1527?
5
What is the thousands digit of 3002?
3
What is the tens digit of 5011?
1
What is the tens digit of 2566?
6
What is the tens digit of 6368?
6
What is the hundreds digit of 343?
3
What is the hundreds digit of 102299?
2
What is the hundreds digit of 4682?
6
What is the tens digit of 4138?
3
What is the hundreds digit of 18653?
6
What is the tens digit of 599?
9
What is the units digit of 927?
7
What is the thousands digit of 5462?
5
What is the tens digit of 7640?
4
What is the hundreds digit of 2585?
5
What is the tens digit of 1569?
6
What is the hundreds digit of 543?
5
What is the hundreds digit of 2333?
3
What is the units digit of 2671?
1
What is the thousands digit of 57167?
7
What is the units digit of 15223?
3
What is the tens digit of 874?
7
What is the hundreds digit of 1079?
0
What is the units digit of 6800?
0
What is the thousands digit of 8621?
8
What is the ten thousands digit of 24523?
2
What is the hundreds digit of 165475?
4
What is the units digit of 244?
4
What is the units digit of 51310?
0
What is the thousands digit of 22368?
2
What is the thousands digit of 2317?
2
What is the units digit of 30245?
5
What is the tens digit of 28354?
5
What is the thousands digit of 52947?
2
What is the tens digit of 6799?
9
What is the tens digit of 2232?
3
What is the thousands digit of 80462?
0
What is the units digit of 17357?
7
What is the thousands digit of 6215?
6
What is the units digit of 1501?
1
What is the units digit of 34912?
2
What is the tens digit of 29767?
6
What is the thousands digit of 49636?
9
What is the units digit of 1170?
0
What is the units digit of 56593?
3
What is the thousands digit of 2418?
2
What is the units digit of 4810?
0
What is the units digit of 10038?
8
What is the hundreds digit of 38244?
2
What is the units digit of 1678?
8
What is the units digit of 72492?
2
What is the units digit of 6088?
8
What is the tens digit of 250?
5
What is the tens digit of 6381?
8
What is the units digit of 8936?
6
What is the hundreds digit of 986?
9
What is the tens digit of 6264?
6
What is the thousands digit of 71655?
1
What is the units digit of 117705?
5
What is the tens digit of 998?
9
What is the ten thousands digit of 86139?
8
What is the tens digit of 824?
2
What is the tens digit of 48456?
5
What is the hundreds digit of 72105?
1
What is the tens digit of 43972?
7
What is the tens digit of 494?
9
What is the ten thousands digit of 13296?
1
What is the thousands digit of 31964?
1
What is the ten thousands digit of 16650?
1
What is the ten thousands digit of 39396?
3
What is the tens digit of 26581?
8
What is the units digit of 1804?
4
What is the hundreds digit of 9961?
9
What is the thousands digit of 73930?
3
What is the hundreds digit of 3165?
1
What is the tens digit of 167520?
2
What is the tens digit of 31216?
1
What is the tens digit of 980?
8
What is the tens digit of 3864?
6
What is the thousands digit of 108536?
8
What is the hundreds digit of 906?
9
What is the units digit of 4489?
9
What is the thousands digit of 182521?
2
What is the units digit of 294?
4
What is the tens digit of 83323?
2
What is the thousands digit of 99443?
9
What is the hundreds digit of 14850?
8
What is the units digit of 1407?
7
What is the thousands digit of 14211?
4
What is the hundreds digit of 111?
1
What is the units digit of 49985?
5
What is the units digit of 740?
0
What is the hundreds digit of 17850?
8
What is the tens digit of 2462?
6
W